its digit of g?
2
Let u(r) = 7*r - 9*r + 7 + r. Suppose -l = l - 12. What is the units digit of u(l)?
1
Let o(w) = -w**2. Let j be o(1). Let d(k) = -39*k. What is the tens digit of d(j)?
3
Suppose -5*i - 4*d = -300, -3*i + 3*d = 4*d - 173. What is the tens digit of i?
5
Let n be (-45)/(-5)*(2 - 1). What is the tens digit of (n/(-12))/(3/(-48))?
1
Let q = -35 + 100. What is the tens digit of q?
6
Let k(a) = 4*a - 4. Let v be k(6). What is the units digit of (0 + -46)*(-10)/v?
3
Let v(z) = -6*z + 8. Let n be v(-10). What is the units digit of (3/(-6))/((-2)/n)?
7
Let n = 65 - 41. What is the tens digit of n?
2
Let v(j) = 13*j - 2. Suppose -2*k - 3*c + 11 = -4*k, 2*c = 5*k. What is the units digit of v(k)?
4
Let p be (-1)/3 - 46/6. Let w be 14/((-1)/(-6)*-4). Let t = p - w. What is the tens digit of t?
1
Let q = 4 + -2. Suppose 3*r = q*r + 12. What is the tens digit of r?
1
Suppose p + 3*n = 24, -4*p + 3*n + 48 = -n. What is the units digit of p?
5
Let a = 118 + -71. What is the tens digit of a?
4
Let s = 39 + 9. What is the tens digit of s?
4
Suppose -k + 0*k + 12 = 0. Suppose -3*n - 5 = -x + k, -5*n - 15 = -x. What is the units digit of x?
0
Let b be ((-74)/3)/1 + 72/108. Suppose -2*u + a + 9 = -3*u, 0 = -u + 4*a + 16. What is the tens digit of (u/(-8))/((-1)/b)?
1
Let k(u) = -2*u + 8. What is the tens digit of k(-6)?
2
Let z(g) = -g**3 - g**2 - g + 56. Let u be z(0). Let q = u + -25. What is the tens digit of q?
3
Let m(z) = z - 10. Let w be m(12). Suppose -4*i - c = -4, 4*c + 1 + 1 = w*i. Suppose -2 = -s + i. What is the units digit of s?
3
Suppose 5*v + 2*o - 3*o = 320, -3*v + 192 = 3*o. What is the tens digit of v?
6
Let v(n) = 10*n - 8. What is the units digit of v(4)?
2
Suppose 6*i - 12 = 2*i - 5*r, -3*i + 3*r = 18. Let m be -2*((-18)/4)/(-3). What is the units digit of (i + -3 + 0)*m?
5
What is the tens digit of ((-15)/4)/(-5) + (-1169)/(-4)?
9
Let v = -27 + 40. What is the units digit of v/(26/120) + -1?
9
Suppose -b - 18 = 2*b. Let l(u) be the second derivative of u**4/12 + u**3/2 + u**2 - 4*u. What is the units digit of l(b)?
0
Suppose 2*g + 2*v - 7 = 3, -v = 2*g - 7. What is the units digit of 2 + g - -1*3?
7
Let u(h) = -2*h + 60. What is the tens digit of u(-14)?
8
Suppose -5*f + 1 + 24 = 0. Suppose -5*a - 4*i + 0*i - 38 = 0, 5*i - f = -a. What is the units digit of (-2 - -3)*a/(-2)?
5
Suppose -3*z + 290 = -3*c + 41, -2*c + 224 = 3*z. What is the units digit of z?
8
What is the hundreds digit of (-698 - 0)*((-15)/(-10) - 2)?
3
Let l = 182 - 95. What is the tens digit of l?
8
Let p = -7 - -11. Let d be p - 4 - (4 + -1). Let g = 4 + d. What is the units digit of g?
1
Suppose 0*t - t = -2*n - 19, 5*n - 5*t + 60 = 0. Let l = n - -21. What is the units digit of l?
4
Suppose 5*b - 4*b + 3*x = 19, 3*x - 63 = -3*b. Suppose 28 + b = -5*c. What is the units digit of (c/3)/(4/(-6))?
5
Let j be 7 - -2*(-4)/(-4). Let z = j + 4. What is the units digit of z?
3
Suppose 9*a = 4*a - 4*s + 462, 0 = 5*s + 10. What is the tens digit of a?
9
Suppose 2*d - 16 + 0 = 0. Let b = d + -5. Suppose g = 4*g - b. What is the units digit of g?
1
Let r(j) = -j**2 + 2*j + 3. Let u be r(3). Suppose 64 = 2*x - u*x. What is the units digit of x?
2
Let n = 3 - 1. Suppose a - 62 = -a - m, -31 = -a - n*m. What is the units digit of a?
1
Let o(k) = 4*k + 1. Let m(g) = -15*g - 3. Let v(z) = 6*m(z) + 22*o(z). What is the tens digit of v(-4)?
1
Suppose -5*r + 0*r + 210 = 0. What is the units digit of r?
2
Suppose 2*i - 24 = -2*i. Suppose -i*b + 80 = -2*b. Suppose 0 = 2*a - a - b. What is the tens digit of a?
2
Let n(x) = x**3 + 6*x**2 + 4. Let t be n(-6). Suppose 0 = -4*b + 2*q - 28, t*q = -6*b + 2*b - 16. Let l = b - -15. What is the units digit of l?
9
Suppose 0 = -2*f - 3 + 15. Let k(c) = c - 3. Let o be k(f). Suppose 0 = -w - 0*w + o*i - 8, w = 4*i - 11. What is the units digit of w?
1
Suppose -2*j = -2*r - j - 9, 0 = 5*r + 3*j + 6. Let h = -4 - r. Let n = 6 + h. What is the units digit of n?
5
Suppose 0*p - 6 = 3*p. Let n(a) = a + 1. Let w be n(6). Let v = w - p. What is the units digit of v?
9
Let g(j) = -j**2 + 6*j + 3. What is the units digit of g(6)?
3
Let s = 5 - 9. Let b = 3 + s. What is the units digit of (-2 - -1) + b + 10?
8
Suppose -2*o + 426 = 2*w, -816 = -4*o + 13*w - 8*w. What is the hundreds digit of o?
2
Suppose k + 0*k = 5. Suppose 5*f = 2*u + 9, -3*u + 18 = 5*f - 2*u. Suppose -f*p = -m - 8*p - 6, -k*p = -4*m + 76. What is the tens digit of m?
1
Let y(b) = -b**2 + 3*b + 2. Let n be y(3). What is the units digit of n/(-4) - (-9)/6?
1
Let m = 222 - 111. What is the hundreds digit of m?
1
Let u be (-6)/5 - (-5)/25. Let a be 0 - (1 + (-5 - u)). Suppose 0 = 2*d + 4*x - 20, -a*d - x = -2*x - 2. What is the units digit of d?
2
Suppose 5*x - 1160 = -3*x. What is the tens digit of x?
4
Suppose -o = -w - 4*w - 9, -w + 3 = o. Suppose -3*f - 6 = -2*a, -5*f + 1 - o = -a. Suppose -a = 3*p, u - 8 = p + p. What is the units digit of u?
6
Suppose -3*m = 4*r + 5, 3*m = 6*r - 4*r - 11. Suppose 4*t - 21 = -r. What is the units digit of t?
5
Suppose -3*s - 6 = -s. What is the tens digit of 6*20/8 + s?
1
Let l = 3 - 3. Suppose -p + 20 = 5*z + 3, 5*p + 4*z - 22 = l. Let m = -1 + p. What is the units digit of m?
1
What is the units digit of (-17)/(-68)*2*2?
1
Let o be (28/42)/(1/6). What is the tens digit of (-134)/(-12) - o/24?
1
Let z = 14 + -21. Let w = z + 17. What is the tens digit of w?
1
Suppose 0 = p - 2*p - 1. Suppose -4*v - 6 = -7*v. What is the units digit of (v - 0)/p + 5?
3
Suppose 4*j + j + 65 = 0. Let t = 14 + j. What is the units digit of t?
1
Let n(t) = -2*t + 7. What is the tens digit of n(-14)?
3
Let z be (0 - -1)*(-28)/(-4). Let a(i) = -i**2 - 8*i - 7. Let o be a(-6). Suppose o*g = 4*g + z. What is the units digit of g?
7
Let v(y) = 2*y - y - 3 + 0. Let w be v(4). Let s(o) = 10*o**3 - o. What is the units digit of s(w)?
9
Let z(b) = -2*b + 6. Let c be z(6). Let k be c/(-4) + (-1)/(-2). Let j = 3 - k. What is the units digit of j?
1
Suppose -2*y = -5*t - 7*y + 240, -t - 5*y + 32 = 0. What is the units digit of t?
2
Let a be ((-19)/5)/((-1)/5). Let j = 37 - a. What is the units digit of j?
8
Let g(x) = -x + 1. Let f(b) = -7*b + 4. Let i(u) = f(u) - 4*g(u). What is the units digit of i(-1)?
3
Let v(y) = -2*y**3 - 3*y**2 - y - 2. Let p = 33 + 2. Let s be ((-4)/10)/(7/p). What is the units digit of v(s)?
4
Let d = 147 - -36. What is the units digit of d?
3
Let j(a) = a**2 - 4*a - 5. Let p be j(5). Suppose 5*d - 2*d - 27 = p. What is the units digit of d?
9
Suppose 0 = -5*j - 4*q + 910, 2*j + 127 - 484 = -3*q. What is the units digit of j?
6
Let g(p) = -p**2 - 6*p + 7. Let h be g(-5). Suppose -r - 4*n - n - 8 = 0, 5*n = r - h. Suppose 0 = 2*o - 6, 1 = r*j + 5*o - 16. What is the units digit of j?
1
Suppose 5*y = 2*y - 18. Let d be (-26)/y + 2/(-6). Let l = d - 2. What is the units digit of l?
2
Let f(q) = 38*q**2 + 1. Let a be (-12)/30 - 14/(-10). What is the tens digit of f(a)?
3
Suppose -3*k + 5 = -1. Suppose 3*s + 2*z + 16 = -0, -k*z - 6 = -2*s. Let d = s - -4. What is the units digit of d?
2
Let y = 2 - 2. Suppose o = 2*t + 25, -o + y*t + 13 = t. What is the units digit of o?
7
Suppose -4*d + d = t - 56, 71 = 4*d + 5*t. Suppose i - 18 = -3*v, 4*i - 4*v - d - 85 = 0. What is the tens digit of i?
2
Let s = -236 - -399. What is the hundreds digit of s?
1
Suppose 7*c - 5*c = 38. Suppose -1 = 3*t - c. What is the units digit of t?
6
Let m be (-18)/(-4)*(-2)/(-3). Suppose -m*h = -2*h - 2. Suppose h*t + 2*t = -20, 0 = x - 5*t - 28. What is the units digit of x?
3
Let v(x) = -x**3 - 10*x**2 - 10*x - 7. Let f be v(-9). Suppose -3*h + 2*h = 5*y - 77, f*y + 3*h = 23. What is the units digit of y?
6
Let l(b) = -12*b**2. Let f be (-36)/28 - (-2)/7. Let q be l(f). What is the tens digit of 8/10*(-210)/q?
1
Let n(i) = -2*i**2 - i. Let p be n(2). Let v(m) = m + 13. What is the units digit of v(p)?
3
Suppose 0 = 5*n - 3*n + 18. Let x = -4 - n. Suppose -x*d + 3*d = 2*a - 24, 0 = 3*d + a - 26. What is the units digit of d?
7
Let u(p) = -7*p**2 + 11*p - 11. Let q(v) = -3*v**2 + 5*v - 5. Let w(z) = 9*q(z) - 4*u(z). Let j be w(1). What is the units digit of j*-4 + 3 + 4?
3
Let z = 7 - 6. Suppose -109 + z = 4*y. Let v = y + 38. What is the tens digit of v?
1
What is the tens dig